 is -112 - -101220?
101101
In base 14, what is 2 + -ba?
-b8
In base 12, what is -b0 - 3?
-b3
In base 6, what is -2 - -14?
12
In base 13, what is -c + -3?
-12
In base 11, what is 8 + -7?
1
In base 7, what is 46 - -2?
51
In base 12, what is -163 - -5?
-15a
In base 5, what is 112213 - -4?
112222
In base 6, what is -4 + -20522?
-20530
In base 11, what is -1 + 19?
18
In base 4, what is 1 - -2131?
2132
In base 10, what is -5 + -12?
-17
In base 8, what is -4303 + -15?
-4320
In base 4, what is -1003 - 1?
-1010
In base 11, what is 5 - -91?
96
In base 9, what is -617 + -2?
-620
In base 6, what is 121 + -100?
21
In base 14, what is -1 - -137a?
1379
In base 3, what is -100 - 210222?
-211022
In base 6, what is -212 - -4?
-204
In base 14, what is 4 - -98?
9c
In base 16, what is -1a6 + 7?
-19f
In base 11, what is 3 + 154?
157
In base 8, what is -4 + -2476?
-2502
In base 7, what is -5063 + 5?
-5055
In base 4, what is -1103311 - -3?
-1103302
In base 14, what is -3a44 + 1?
-3a43
In base 15, what is -2 - 43?
-45
In base 10, what is -584 + -19?
-603
In base 12, what is 1b31 + 5?
1b36
In base 9, what is -2 - 81?
-83
In base 9, what is -2728 + -4?
-2733
In base 8, what is 101 - -2?
103
In base 4, what is 3200 + 10?
3210
In base 11, what is 18 + -34?
-17
In base 3, what is 2100 + 1112?
10212
In base 10, what is -61 - 43?
-104
In base 13, what is -5 - 2b?
-33
In base 6, what is -543 + -5?
-552
In base 7, what is -4453 + -3?
-4456
In base 3, what is -10 - -1100100?
1100020
In base 15, what is -b3 - 6?
-b9
In base 11, what is -46 - 5?
-50
In base 16, what is -41 - 1?
-42
In base 2, what is 0 - -1101011111?
1101011111
In base 8, what is 327 + -57?
250
In base 4, what is 3130 + 10?
3200
In base 7, what is -111 + 406?
265
In base 12, what is 3 - 1001?
-bba
In base 10, what is -1656 + -2?
-1658
In base 10, what is 3 - -20?
23
In base 15, what is -414 - 1?
-415
In base 12, what is 4 + -28?
-24
In base 2, what is 1 + 11101100?
11101101
In base 10, what is 4 + 104?
108
In base 9, what is 103 + -8?
84
In base 13, what is -22 + 25?
3
In base 13, what is 478 - 1b?
45a
In base 8, what is -5437 + 4?
-5433
In base 5, what is -4 + -120?
-124
In base 10, what is -16 + 3?
-13
In base 6, what is -405 + 0?
-405
In base 16, what is -18 - 1?
-19
In base 11, what is 0 - -1586?
1586
In base 13, what is -4 - -28?
24
In base 5, what is 334231 - -3?
334234
In base 16, what is -8 - c1?
-c9
In base 10, what is -68 + 10?
-58
In base 14, what is -1 + c0a?
c09
In base 16, what is -10 + 41b?
40b
In base 6, what is -4 + -201?
-205
In base 12, what is 5 + 158?
161
In base 2, what is 11 - -111011101?
111100000
In base 6, what is 24 + 1012?
1040
In base 9, what is 1 - 6?
-5
In base 11, what is -16 + 46?
30
In base 14, what is c9 - 4?
c5
In base 10, what is -2 - 307?
-309
In base 12, what is 1 + -222?
-221
In base 7, what is -4 - 3461?
-3465
In base 9, what is -7117 + 4?
-7113
In base 14, what is 750 + 5?
755
In base 12, what is 8 - -151?
159
In base 8, what is 12 - 15?
-3
In base 16, what is 4e - 1?
4d
In base 2, what is 101001000 - -11?
101001011
In base 5, what is 20 - -20031?
20101
In base 5, what is 1 + 10124?
10130
In base 2, what is -10 + -10110?
-11000
In base 2, what is 10 + 100011?
100101
In base 15, what is -6 - -58?
52
In base 4, what is -22 + 30123?
30101
In base 5, what is 11 - -3220?
3231
In base 11, what is -1 - 61?
-62
In base 16, what is -4 + f?
b
In base 9, what is -788 - -4?
-784
In base 12, what is -5 - 6b?
-74
In base 14, what is 12 - -d?
21
In base 16, what is -10 + 24?
14
In base 13, what is 4 - -bb?
c2
In base 14, what is 58d + -3?
58a
In base 8, what is -1377 + 30?
-1347
In base 7, what is 3 - 1160?
-1154
In base 11, what is 3 + 251?
254
In base 5, what is 22023 + 0?
22023
In base 10, what is -1 + -1?
-2
In base 6, what is -13135 - -1?
-13134
In base 9, what is 25 + 6?
32
In base 2, what is 1 - -111111?
1000000
In base 4, what is -3012 + 1?
-3011
In base 3, what is 20 + -2?
11
In base 7, what is 12554 - -3?
12560
In base 4, what is -1111 + -32?
-1203
In base 11, what is 185 + 4?
189
In base 6, what is 4 + -1120?
-1112
In base 6, what is 55 + 11?
110
In base 3, what is -210 - -120112?
112202
In base 15, what is -1 - -85?
84
In base 11, what is -4099 - -1?
-4098
In base 3, what is 1200 - 11?
1112
In base 8, what is -4 + -20?
-24
In base 3, what is 11 - -11?
22
In base 10, what is 2 + 111?
113
In base 10, what is -25 + -4?
-29
In base 12, what is -a + 989?
97b
In base 8, what is -435 - -34?
-401
In base 8, what is 60 + -10?
50
In base 16, what is -226 + 6?
-220
In base 13, what is -12 + -6?
-18
In base 8, what is 167 + -2?
165
In base 13, what is -10b9c - 4?
-10ba3
In base 7, what is 2115 + -5?
2110
In base 10, what is 4 + -1?
3
In base 10, what is 3 - -14?
17
In base 15, what is -2a3e - -4?
-2a3a
In base 11, what is -2 + 247?
245
In base 15, what is -6 - -111a?
1114
In base 8, what is -1 + -337?
-340
In base 2, what is -10 - 11100?
-11110
In base 8, what is -1 - 31?
-32
In base 14, what is -17c3 + 5?
-17bc
In base 2, what is 101 + 1000110?
1001011
In base 5, what is 23340 - 1?
23334
In base 13, what is -4 - 12?
-16
In base 2, what is -11110011 - 101010?
-100011101
In base 13, what is 14 - -21?
35
In base 14, what is -38 - 1a?
-54
In base 13, what is 1 + -2c10?
-2c0c
In base 3, what is -1000 + 22?
-201
In base 14, what is 87a7 - 3?
87a4
In base 12, what is 0 - -3218?
3218
In base 9, what is 12370 + -3?
12366
In base 10, what is -7 + -303?
-310
In base 15, what is 60 + -15?
4a
In base 8, what is -3346 + 11?
-3335
In base 11, what is 4 + 202?
206
In base 15, what is -113 - 2?
-115
In base 13, what is 1622 + -1?
1621
In base 14, what is -16 - -1a4?
18c
In base 12, what is 83a + 5?
843
In base 2, what is -1100100111 + 1?
-1100100110
In base 15, what is -56 + -13?
-69
In base 2, what is -1011 + 1101?
10
In base 8, what is 250 + 3?
253
In base 5, what is -112 - -3?
-104
In base 6, what is -2 + -111031?
-111033
In base 4, what is 220 - 133?
21
In base 7, what is -26515 + -5?
-26523
In base 9, what is 3 + 46?
50
In base 6, what is -41 - 41?
-122
In base 15, what is -5 + 0?
-5
In base 14, what is -d9 - -3?
-d6
In base 13, what is -502 - a?
-50c
In base 13, what is 3 + c22?
c25
In base 13, what is -b1c - 4?
-b23
In base 7, what is 166 - -2?
201
In base 5, what is -2012 + -4?
-2021
In base 3, what is 2 - -22001?
22010
In base 5, what is 131 - 211?
-30
In base 7, what is 146 + -53?
63
In base 2, what is -11010001101110 - 101?
-11010001110011
In base 6, what is 13 + 3?
20
In base 13, what is -8 - c4b?
-c56
In base 2, what is 100011101 - 0?
100011101
In base 8, what is 3 - -772?
775
In base 13, what is -2 + 3?
1
In base 15, what is -49 + 3?
-46
In base 6, what is 1 - 1020?
-1015
In base 7, what is 4 + 140?
144
In base 11, what is -57 + 84?
28
In base 2, what is 10101 + -1001001?
-110100
In base 6, what is -5 + -44?
-53
In base 10, what is 34 + -379?
-345
In base 9, what is -4 - 122?
-126
In base 12, what is 49 + -24?
25
In base 6, what is -530 - -1?
-525
In base 14, what is 41 - 8?
37
In base 2, what is -101 - 10011?
-11000
In base 15, what is 57 - -8?
60
In base 10, what is -75 + 1?
-74
In base 3, what is -20 + -201?
-221
In base 14, what is 6 + -6?
0
In base 3, what is -220 - 1021020?
-1022010
In base 10, what is 126 + -5?
121
In base 12, what is 1b + -1a?
1
In base 9, what is -46 - -27?
-18
In base 15, what is 141 - 0?
141
In base 7, what is 1 + -321?
-320
In base 14, what is -4 + -2d?
-33
In base 16, what is -8f + 8?
-87
In base 3, what is -1110110120 + 1?
-1110110112
In base 14, what is -3 + -19a?
-19d
In base 4, what is 3 - -31132?
31201
In base 7, what is 32 + -6?
23
In base 2, what is 11100 + -11111?
-11
In base 11, what is -58 + -5?
-62
In base 2, what is -1110 - -1001110111?
1001101001
In base 3, what is 1021020 + 0?
1021020
In base 12, what is -18 + -20?
-38
In base 8, what is 2 + -4056?
-4054
In base 4, what is 1010 - 11?
333
In base 14, what is 1 + 70?
71
In base 14, what is -14 + 6?
-c
In base 5, what is -32333 + -10?
-32343
In base 4, what is -3 - -100?
31
In base 7, what is 3 - -1223?
1226
In base 13, what is 4a3 - 6?
49a
In base 2, what is -11 - 10001?
-10100
In base 13, what is 4 + 135c?
1363
In base 11, what is -5 + -17?
-21
In base 5, what is -113 + -131?
-244
In base 7,